{"id":51,"date":"2020-06-11T11:37:41","date_gmt":"2020-06-11T09:37:41","guid":{"rendered":"http:\/\/geyserb.cluster028.hosting.ovh.net\/?page_id=51"},"modified":"2021-04-15T17:00:06","modified_gmt":"2021-04-15T15:00:06","slug":"dialogue-territorial-participation","status":"publish","type":"page","link":"https:\/\/geyser.asso.fr\/?page_id=51","title":{"rendered":"Dialogue Territorial &#038; Participation"},"content":{"rendered":"<p>[et_pb_section fb_built=\u00a0\u00bb1&Prime; next_background_color=\u00a0\u00bb#d8d8d8&Prime; admin_label=\u00a0\u00bbHero\u00a0\u00bb _builder_version=\u00a0\u00bb4.9.3&Prime; use_background_color_gradient=\u00a0\u00bbon\u00a0\u00bb background_color_gradient_start=\u00a0\u00bbrgba(216,216,216,0)\u00a0\u00bb background_color_gradient_end=\u00a0\u00bbrgba(0,0,0,0)\u00a0\u00bb background_color_gradient_direction=\u00a0\u00bb70deg\u00a0\u00bb background_color_gradient_overlays_image=\u00a0\u00bbon\u00a0\u00bb background_image=\u00a0\u00bbhttps:\/\/geyser.asso.fr\/wp-content\/uploads\/2021\/04\/Magnore_WEB-138.png\u00a0\u00bb min_height=\u00a0\u00bb502px\u00a0\u00bb custom_margin=\u00a0\u00bb||-0.1%||false|false\u00a0\u00bb custom_padding=\u00a0\u00bb6vw||0px||false|false\u00a0\u00bb bottom_divider_style=\u00a0\u00bbmountains\u00a0\u00bb bottom_divider_height=\u00a0\u00bb23vw\u00a0\u00bb bottom_divider_repeat=\u00a0\u00bb0.4x\u00a0\u00bb bottom_divider_flip=\u00a0\u00bbhorizontal|vertical\u00a0\u00bb hover_enabled=\u00a0\u00bb0&Prime; sticky_enabled=\u00a0\u00bb0&Prime; title_text=\u00a0\u00bbMagnore_WEB-138&Prime;][et_pb_row _builder_version=\u00a0\u00bb3.25&Prime; custom_margin=\u00a0\u00bb|||\u00a0\u00bb custom_padding=\u00a0\u00bb27px|0px|0|0px|false|false\u00a0\u00bb][et_pb_column type=\u00a0\u00bb4_4&Prime; _builder_version=\u00a0\u00bb3.25&Prime; custom_padding=\u00a0\u00bb|||\u00a0\u00bb custom_padding__hover=\u00a0\u00bb|||\u00a0\u00bb][et_pb_text _builder_version=\u00a0\u00bb4.8.1&Prime; text_font=\u00a0\u00bb||||||||\u00a0\u00bb header_font=\u00a0\u00bbJosefin Sans|700|||||||\u00a0\u00bb header_font_size=\u00a0\u00bb90px\u00a0\u00bb header_line_height=\u00a0\u00bb1.4em\u00a0\u00bb header_2_font=\u00a0\u00bbJosefin Sans||||||||\u00a0\u00bb header_2_text_color=\u00a0\u00bbrgba(255,255,255,0.6)\u00a0\u00bb header_2_font_size=\u00a0\u00bb32px\u00a0\u00bb header_2_line_height=\u00a0\u00bb1.4em\u00a0\u00bb header_3_font=\u00a0\u00bb|700|||||||\u00a0\u00bb header_3_font_size=\u00a0\u00bb26px\u00a0\u00bb transform_translate=\u00a0\u00bb-15px|-47px\u00a0\u00bb transform_translate_linked=\u00a0\u00bboff\u00a0\u00bb background_layout=\u00a0\u00bbdark\u00a0\u00bb custom_padding=\u00a0\u00bb||22px|||\u00a0\u00bb animation_style=\u00a0\u00bbslide\u00a0\u00bb animation_direction=\u00a0\u00bbright\u00a0\u00bb animation_intensity_slide=\u00a0\u00bb4%\u00a0\u00bb header_font_size_tablet=\u00a0\u00bb50px\u00a0\u00bb header_font_size_phone=\u00a0\u00bb32px\u00a0\u00bb header_font_size_last_edited=\u00a0\u00bbon|desktop\u00a0\u00bb header_2_font_size_tablet=\u00a0\u00bb\u00a0\u00bb header_2_font_size_phone=\u00a0\u00bb24px\u00a0\u00bb header_2_font_size_last_edited=\u00a0\u00bbon|phone\u00a0\u00bb inline_fonts=\u00a0\u00bbAbhaya Libre,Acme\u00a0\u00bb]<\/p>\n<h1>Dialogue territorial &amp; Participation<\/h1>\n<h4><\/h4>\n<p>[\/et_pb_text][\/et_pb_column][\/et_pb_row][\/et_pb_section][et_pb_section fb_built=\u00a0\u00bb1&Prime; admin_label=\u00a0\u00bbServices\u00a0\u00bb _builder_version=\u00a0\u00bb4.6.6&Prime; background_color=\u00a0\u00bb#d8d8d8&Prime; custom_padding=\u00a0\u00bb0px|0px|54px|0|false|false\u00a0\u00bb hover_enabled=\u00a0\u00bb0&Prime; sticky_enabled=\u00a0\u00bb0&Prime;][et_pb_row _builder_version=\u00a0\u00bb4.8.0&Prime; width=\u00a0\u00bb100%\u00a0\u00bb custom_margin=\u00a0\u00bb2px|auto||auto||\u00a0\u00bb][et_pb_column type=\u00a0\u00bb4_4&Prime; _builder_version=\u00a0\u00bb3.25&Prime; custom_padding=\u00a0\u00bb|||\u00a0\u00bb custom_padding__hover=\u00a0\u00bb|||\u00a0\u00bb][et_pb_text _builder_version=\u00a0\u00bb4.8.1&Prime; _module_preset=\u00a0\u00bbdefault\u00a0\u00bb text_font=\u00a0\u00bbCambay||||||||\u00a0\u00bb text_font_size=\u00a0\u00bb20px\u00a0\u00bb text_line_height=\u00a0\u00bb1.6em\u00a0\u00bb ul_line_height=\u00a0\u00bb1.6em\u00a0\u00bb]<\/p>\n<p>Le dialogue territorial est une approche participative d\u00e9velopp\u00e9e par Geyser depuis 20 ans. C\u2019est une forme de concertation, c\u2019est-\u00e0-dire un processus centr\u00e9 sur la co-construction par les acteurs concern\u00e9s d\u2019un diagnostic et de solutions. Cette approche s\u2019inspire des principes de la n\u00e9gociation raisonn\u00e9e et de la m\u00e9diation de conflit, ce qui lui conf\u00e8re des caract\u00e9ristiques propres\u00a0:<\/p>\n<h3><strong>Les sp\u00e9cificit\u00e9s du dialogue territorial<\/strong><\/h3>\n<blockquote>\n<ul>\n<li>Le dialogue territorial mobilise les\u00a0dimensions intellectuelles et rationnelles de la personne humaine, l\u2019exp\u00e9rience\u00a0sensible et les registres \u00e9motionnels.<\/li>\n<li>Il vise la compr\u00e9hension mutuelle des perceptions et des besoins de chacun avant la recherche d\u2019un\u00a0accord.<\/li>\n<li>Les solutions sont \u00e9labor\u00e9es en\u00a0coop\u00e9ration avec\u00a0la\u00a0prise\u00a0en\u00a0compte\u00a0des\u00a0pr\u00e9occupations essentielles\u00a0de chacun et\u00a0de l\u2019int\u00e9r\u00eat commun.<\/li>\n<li>Le dialogue des savoirs est essentiel, entre\u00a0disciplines scientifiques et techniques, mais aussi entre\u00a0savoirs de sp\u00e9cialistes et\u00a0savoirs\u00a0profanes. Au service du dialogue, l\u2019expertise est l\u2019un des ingr\u00e9dients et non l\u2019objet central des \u00e9changes.<\/li>\n<li>L\u2019animateur du processus met en \u0153uvre une posture de neutralit\u00e9 vis-\u00e0-vis des participants, de leurs propos, et des\u00a0solutions qui\u00a0\u00e9mergent.<\/li>\n<li>Son attitude repose sur une forte empathie, sur des convictions \u00ab\u00a0humanistes\u00a0\u00bb et sur sa confiance dans le potentiel altruiste de chaque individu.<\/li>\n<\/ul>\n<\/blockquote>\n<h3><strong>Geyser et le dialogue territorial<\/strong><\/h3>\n<p>Depuis 20 ans, Geyser intervient de plusieurs mani\u00e8res dans le champ du dialogue territorial\u00a0:<\/p>\n<blockquote>\n<ul>\n<li>Recueil et analyse d\u2019exp\u00e9riences<\/li>\n<li>Evaluation et capitalisation des d\u00e9marches de dialogue<\/li>\n<li>Animation d\u2019\u00e9changes entre praticiens (notamment au sein de COMEDIE)<\/li>\n<li>Ecriture et publication d\u2019articles et d\u2019ouvrages<\/li>\n<li>Formations (en France et \u00e0 l\u2019\u00e9tranger)<\/li>\n<li>Partenariats pluriannuels avec des organisations int\u00e9ress\u00e9es par le dialogue territorial (Office national des for\u00eats, Union nationale des CPIE, F\u00e9d\u00e9ration nationale de l\u2019agriculture biologique, etc.)<\/li>\n<li>La conduite de m\u00e9diations de projet ou de conflit et l\u2019accompagnement d\u2019animateurs de concertation s\u2019effectuent essentiellement au sein de la SCOP DialTer<\/li>\n<li>Plusieurs membres de Geyser sont \u00e9galement garants du d\u00e9bat public (CNDP) et\/ou interviennent comme experts aupr\u00e8s de la Fondation de France.<\/li>\n<\/ul>\n<\/blockquote>\n<p>[\/et_pb_text][\/et_pb_column][\/et_pb_row][\/et_pb_section][et_pb_section fb_built=\u00a0\u00bb1&Prime; prev_background_color=\u00a0\u00bb#d8d8d8&Prime; next_background_color=\u00a0\u00bb#ffffff\u00a0\u00bb admin_label=\u00a0\u00bbCTA Section\u00a0\u00bb _builder_version=\u00a0\u00bb4.9.3&Prime; use_background_color_gradient=\u00a0\u00bbon\u00a0\u00bb background_color_gradient_start=\u00a0\u00bbrgba(0,0,0,0)\u00a0\u00bb background_color_gradient_end=\u00a0\u00bbrgba(0,0,0,0)\u00a0\u00bb background_color_gradient_direction=\u00a0\u00bb70deg\u00a0\u00bb background_color_gradient_overlays_image=\u00a0\u00bbon\u00a0\u00bb background_image=\u00a0\u00bbhttps:\/\/geyser.asso.fr\/wp-content\/uploads\/2021\/01\/P1120586-scaled.jpg\u00a0\u00bb background_blend=\u00a0\u00bbmultiply\u00a0\u00bb min_height=\u00a0\u00bb90px\u00a0\u00bb height=\u00a0\u00bb100px\u00a0\u00bb max_height=\u00a0\u00bb100px\u00a0\u00bb custom_margin=\u00a0\u00bb|||\u00a0\u00bb custom_padding=\u00a0\u00bb13vw||7vw||false|false\u00a0\u00bb top_divider_style=\u00a0\u00bbslant2&Prime; top_divider_height=\u00a0\u00bb18vw\u00a0\u00bb top_divider_repeat=\u00a0\u00bb0.5x\u00a0\u00bb bottom_divider_style=\u00a0\u00bbcurve\u00a0\u00bb bottom_divider_height=\u00a0\u00bb14%\u00a0\u00bb bottom_divider_repeat=\u00a0\u00bb0.5x\u00a0\u00bb bottom_divider_flip=\u00a0\u00bbhorizontal\u00a0\u00bb hover_enabled=\u00a0\u00bb0&Prime; locked=\u00a0\u00bboff\u00a0\u00bb title_text=\u00a0\u00bbP1120586&Prime; sticky_enabled=\u00a0\u00bb0&Prime; background_color=\u00a0\u00bb#d8d8d8&Prime; width=\u00a0\u00bb100%\u00a0\u00bb transform_scale_linked=\u00a0\u00bboff\u00a0\u00bb transform_translate_linked=\u00a0\u00bboff\u00a0\u00bb][et_pb_row _builder_version=\u00a0\u00bb3.25&Prime; custom_margin=\u00a0\u00bb|||\u00a0\u00bb custom_padding=\u00a0\u00bb27px|0px|0|0px|false|false\u00a0\u00bb][et_pb_column type=\u00a0\u00bb4_4&Prime; _builder_version=\u00a0\u00bb3.25&Prime; custom_padding=\u00a0\u00bb|||\u00a0\u00bb custom_padding__hover=\u00a0\u00bb|||\u00a0\u00bb][et_pb_text _builder_version=\u00a0\u00bb3.27.4&Prime; text_font=\u00a0\u00bb||||||||\u00a0\u00bb header_font=\u00a0\u00bb||||||||\u00a0\u00bb header_2_font=\u00a0\u00bbJosefin Sans|700|||||||\u00a0\u00bb header_2_font_size=\u00a0\u00bb80px\u00a0\u00bb header_2_line_height=\u00a0\u00bb1.4em\u00a0\u00bb header_3_font=\u00a0\u00bbJosefin Sans||||||||\u00a0\u00bb header_3_text_color=\u00a0\u00bbrgba(255,255,255,0.6)\u00a0\u00bb header_3_font_size=\u00a0\u00bb32px\u00a0\u00bb header_3_line_height=\u00a0\u00bb1.4em\u00a0\u00bb background_layout=\u00a0\u00bbdark\u00a0\u00bb animation_style=\u00a0\u00bbslide\u00a0\u00bb animation_direction=\u00a0\u00bbright\u00a0\u00bb animation_intensity_slide=\u00a0\u00bb4%\u00a0\u00bb header_font_size_tablet=\u00a0\u00bb70px\u00a0\u00bb header_font_size_phone=\u00a0\u00bb50px\u00a0\u00bb header_font_size_last_edited=\u00a0\u00bboff|desktop\u00a0\u00bb header_2_font_size_tablet=\u00a0\u00bb50px\u00a0\u00bb header_2_font_size_phone=\u00a0\u00bb32px\u00a0\u00bb header_2_font_size_last_edited=\u00a0\u00bbon|phone\u00a0\u00bb header_3_font_size_tablet=\u00a0\u00bb\u00a0\u00bb header_3_font_size_phone=\u00a0\u00bb24px\u00a0\u00bb header_3_font_size_last_edited=\u00a0\u00bbon|phone\u00a0\u00bb locked=\u00a0\u00bboff\u00a0\u00bb]<\/p>\n<h2><\/h2>\n<p>[\/et_pb_text][\/et_pb_column][\/et_pb_row][\/et_pb_section]<\/p>\n","protected":false},"excerpt":{"rendered":"<p>Dialogue territorial &amp; Participation Le dialogue territorial est une approche participative d\u00e9velopp\u00e9e par Geyser depuis 20 ans. C\u2019est une forme de concertation, c\u2019est-\u00e0-dire un processus centr\u00e9 sur la co-construction par les acteurs concern\u00e9s d\u2019un diagnostic et de solutions. Cette approche s\u2019inspire des principes de la n\u00e9gociation raisonn\u00e9e et de la m\u00e9diation de conflit, ce qui [&hellip;]<\/p>\n","protected":false},"author":1,"featured_media":0,"parent":69,"menu_order":2,"comment_status":"closed","ping_status":"closed","template":"","meta":{"_et_pb_use_builder":"on","_et_pb_old_content":"","_et_gb_content_width":"","footnotes":""},"class_list":["post-51","page","type-page","status-publish","hentry"],"_links":{"self":[{"href":"https:\/\/geyser.asso.fr\/index.php?rest_route=\/wp\/v2\/pages\/51","targetHints":{"allow":["GET"]}}],"collection":[{"href":"https:\/\/geyser.asso.fr\/index.php?rest_route=\/wp\/v2\/pages"}],"about":[{"href":"https:\/\/geyser.asso.fr\/index.php?rest_route=\/wp\/v2\/types\/page"}],"author":[{"embeddable":true,"href":"https:\/\/geyser.asso.fr\/index.php?rest_route=\/wp\/v2\/users\/1"}],"replies":[{"embeddable":true,"href":"https:\/\/geyser.asso.fr\/index.php?rest_route=%2Fwp%2Fv2%2Fcomments&post=51"}],"version-history":[{"count":13,"href":"https:\/\/geyser.asso.fr\/index.php?rest_route=\/wp\/v2\/pages\/51\/revisions"}],"predecessor-version":[{"id":1129,"href":"https:\/\/geyser.asso.fr\/index.php?rest_route=\/wp\/v2\/pages\/51\/revisions\/1129"}],"up":[{"embeddable":true,"href":"https:\/\/geyser.asso.fr\/index.php?rest_route=\/wp\/v2\/pages\/69"}],"wp:attachment":[{"href":"https:\/\/geyser.asso.fr\/index.php?rest_route=%2Fwp%2Fv2%2Fmedia&parent=51"}],"curies":[{"name":"wp","href":"https:\/\/api.w.org\/{rel}","templated":true}]}}

<p>[et_pb_section fb_built= »1&Prime; next_background_color= »#d8d8d8&Prime; admin_label= »Hero » _builder_version= »4.9.3&Prime; use_background_color_gradient= »on » background_color_gradient_start= »rgba(216,216,216,0) » background_color_gradient_end= »rgba(0,0,0,0) » background_color_gradient_direction= »70deg » background_color_gradient_overlays_image= »on » background_image= »https://geyser.asso.fr/wp-content/uploads/2021/04/Magnore_WEB-138.png » min_height= »502px » custom_margin= »||-0.1%||false|false » custom_padding= »6vw||0px||false|false » bottom_divider_style= »mountains » bottom_divider_height= »23vw » bottom_divider_repeat= »0.4x » bottom_divider_flip= »horizontal|vertical » hover_enabled= »0&Prime; sticky_enabled= »0&Prime; title_text= »Magnore_WEB-138&Prime;][et_pb_row _builder_version= »3.25&Prime; custom_margin= »||| » custom_padding= »27px|0px|0|0px|false|false »][et_pb_column type= »4_4&Prime; _builder_version= »3.25&Prime; custom_padding= »||| » custom_padding__hover= »||| »][et_pb_text _builder_version= »4.8.1&Prime; text_font= »|||||||| » header_font= »Josefin Sans|700||||||| » header_font_size= »90px » header_line_height= »1.4em » header_2_font= »Josefin Sans|||||||| » header_2_text_color= »rgba(255,255,255,0.6) » header_2_font_size= »32px » header_2_line_height= »1.4em » header_3_font= »|700||||||| » header_3_font_size= »26px » transform_translate= »-15px|-47px » transform_translate_linked= »off » background_layout= »dark » custom_padding= »||22px||| » animation_style= »slide » animation_direction= »right » animation_intensity_slide= »4% » header_font_size_tablet= »50px » header_font_size_phone= »32px » header_font_size_last_edited= »on|desktop » header_2_font_size_tablet= » » header_2_font_size_phone= »24px » header_2_font_size_last_edited= »on|phone » inline_fonts= »Abhaya Libre,Acme »]</p>
<h1>Dialogue territorial &amp; Participation</h1>
<h4></h4>
<p>[/et_pb_text][/et_pb_column][/et_pb_row][/et_pb_section][et_pb_section fb_built= »1&Prime; admin_label= »Services » _builder_version= »4.6.6&Prime; background_color= »#d8d8d8&Prime; custom_padding= »0px|0px|54px|0|false|false » hover_enabled= »0&Prime; sticky_enabled= »0&Prime;][et_pb_row _builder_version= »4.8.0&Prime; width= »100% » custom_margin= »2px|auto||auto|| »][et_pb_column type= »4_4&Prime; _builder_version= »3.25&Prime; custom_padding= »||| » custom_padding__hover= »||| »][et_pb_text _builder_version= »4.8.1&Prime; _module_preset= »default » text_font= »Cambay|||||||| » text_font_size= »20px » text_line_height= »1.6em » ul_line_height= »1.6em »]</p>
<p>Le dialogue territorial est une approche participative développée par Geyser depuis 20 ans. C’est une forme de concertation, c’est-à-dire un processus centré sur la co-construction par les acteurs concernés d’un diagnostic et de solutions. Cette approche s’inspire des principes de la négociation raisonnée et de la médiation de conflit, ce qui lui confère des caractéristiques propres :</p>
<h3><strong>Les spécificités du dialogue territorial</strong></h3>
<blockquote>
<ul>
<li>Le dialogue territorial mobilise les dimensions intellectuelles et rationnelles de la personne humaine, l’expérience sensible et les registres émotionnels.</li>
<li>Il vise la compréhension mutuelle des perceptions et des besoins de chacun avant la recherche d’un accord.</li>
<li>Les solutions sont élaborées en coopération avec la prise en compte des préoccupations essentielles de chacun et de l’intérêt commun.</li>
<li>Le dialogue des savoirs est essentiel, entre disciplines scientifiques et techniques, mais aussi entre savoirs de spécialistes et savoirs profanes. Au service du dialogue, l’expertise est l’un des ingrédients et non l’objet central des échanges.</li>
<li>L’animateur du processus met en œuvre une posture de neutralité vis-à-vis des participants, de leurs propos, et des solutions qui émergent.</li>
<li>Son attitude repose sur une forte empathie, sur des convictions « humanistes » et sur sa confiance dans le potentiel altruiste de chaque individu.</li>
</ul>
</blockquote>
<h3><strong>Geyser et le dialogue territorial</strong></h3>
<p>Depuis 20 ans, Geyser intervient de plusieurs manières dans le champ du dialogue territorial :</p>
<blockquote>
<ul>
<li>Recueil et analyse d’expériences</li>
<li>Evaluation et capitalisation des démarches de dialogue</li>
<li>Animation d’échanges entre praticiens (notamment au sein de COMEDIE)</li>
<li>Ecriture et publication d’articles et d’ouvrages</li>
<li>Formations (en France et à l’étranger)</li>
<li>Partenariats pluriannuels avec des organisations intéressées par le dialogue territorial (Office national des forêts, Union nationale des CPIE, Fédération nationale de l’agriculture biologique, etc.)</li>
<li>La conduite de médiations de projet ou de conflit et l’accompagnement d’animateurs de concertation s’effectuent essentiellement au sein de la SCOP DialTer</li>
<li>Plusieurs membres de Geyser sont également garants du débat public (CNDP) et/ou interviennent comme experts auprès de la Fondation de France.</li>
</ul>
</blockquote>
<p>[/et_pb_text][/et_pb_column][/et_pb_row][/et_pb_section][et_pb_section fb_built= »1&Prime; prev_background_color= »#d8d8d8&Prime; next_background_color= »#ffffff » admin_label= »CTA Section » _builder_version= »4.9.3&Prime; use_background_color_gradient= »on » background_color_gradient_start= »rgba(0,0,0,0) » background_color_gradient_end= »rgba(0,0,0,0) » background_color_gradient_direction= »70deg » background_color_gradient_overlays_image= »on » background_image= »https://geyser.asso.fr/wp-content/uploads/2021/01/P1120586-scaled.jpg » background_blend= »multiply » min_height= »90px » height= »100px » max_height= »100px » custom_margin= »||| » custom_padding= »13vw||7vw||false|false » top_divider_style= »slant2&Prime; top_divider_height= »18vw » top_divider_repeat= »0.5x » bottom_divider_style= »curve » bottom_divider_height= »14% » bottom_divider_repeat= »0.5x » bottom_divider_flip= »horizontal » hover_enabled= »0&Prime; locked= »off » title_text= »P1120586&Prime; sticky_enabled= »0&Prime; background_color= »#d8d8d8&Prime; width= »100% » transform_scale_linked= »off » transform_translate_linked= »off »][et_pb_row _builder_version= »3.25&Prime; custom_margin= »||| » custom_padding= »27px|0px|0|0px|false|false »][et_pb_column type= »4_4&Prime; _builder_version= »3.25&Prime; custom_padding= »||| » custom_padding__hover= »||| »][et_pb_text _builder_version= »3.27.4&Prime; text_font= »|||||||| » header_font= »|||||||| » header_2_font= »Josefin Sans|700||||||| » header_2_font_size= »80px » header_2_line_height= »1.4em » header_3_font= »Josefin Sans|||||||| » header_3_text_color= »rgba(255,255,255,0.6) » header_3_font_size= »32px » header_3_line_height= »1.4em » background_layout= »dark » animation_style= »slide » animation_direction= »right » animation_intensity_slide= »4% » header_font_size_tablet= »70px » header_font_size_phone= »50px » header_font_size_last_edited= »off|desktop » header_2_font_size_tablet= »50px » header_2_font_size_phone= »32px » header_2_font_size_last_edited= »on|phone » header_3_font_size_tablet= » » header_3_font_size_phone= »24px » header_3_font_size_last_edited= »on|phone » locked= »off »]</p>
<h2></h2>
<p>[/et_pb_text][/et_pb_column][/et_pb_row][/et_pb_section]</p>

<p>Dialogue territorial &amp; Participation Le dialogue territorial est une approche participative développée par Geyser depuis 20 ans. C’est une forme de concertation, c’est-à-dire un processus centré sur la co-construction par les acteurs concernés d’un diagnostic et de solutions. Cette approche s’inspire des principes de la négociation raisonnée et de la médiation de conflit, ce qui [&hellip;]</p>
