{"id":94,"date":"2020-06-11T12:27:09","date_gmt":"2020-06-11T10:27:09","guid":{"rendered":"http:\/\/geyserb.cluster028.hosting.ovh.net\/?page_id=94"},"modified":"2023-04-04T20:32:23","modified_gmt":"2023-04-04T18:32:23","slug":"ecole-de-dialogue-territorial","status":"publish","type":"page","link":"https:\/\/geyser.asso.fr\/?page_id=94","title":{"rendered":"Ecole de Dialogue Territorial"},"content":{"rendered":"<p>[et_pb_section fb_built=\u00a0\u00bb1&Prime; next_background_color=\u00a0\u00bb#d8d8d8&Prime; admin_label=\u00a0\u00bbHero\u00a0\u00bb _builder_version=\u00a0\u00bb4.16&Prime; background_color=\u00a0\u00bb#d6d6d6&Prime; use_background_color_gradient=\u00a0\u00bbon\u00a0\u00bb background_color_gradient_direction=\u00a0\u00bb70deg\u00a0\u00bb background_color_gradient_stops=\u00a0\u00bbrgba(216,216,216,0) 0%|rgba(0,0,0,0) 100%\u00a0\u00bb background_color_gradient_overlays_image=\u00a0\u00bbon\u00a0\u00bb background_color_gradient_start=\u00a0\u00bbrgba(216,216,216,0)\u00a0\u00bb background_color_gradient_end=\u00a0\u00bbrgba(0,0,0,0)\u00a0\u00bb background_image=\u00a0\u00bbhttps:\/\/geyser.asso.fr\/wp-content\/uploads\/2021\/01\/mona-eendra-vC8wj_Kphak-unsplash-scaled.jpg\u00a0\u00bb transform_scale=\u00a0\u00bb100%|92%\u00a0\u00bb transform_scale_linked=\u00a0\u00bboff\u00a0\u00bb width=\u00a0\u00bb99.7%\u00a0\u00bb min_height=\u00a0\u00bb408px\u00a0\u00bb custom_margin=\u00a0\u00bb-10px||-3%||false|false\u00a0\u00bb custom_padding=\u00a0\u00bb2vw||0px||false|false\u00a0\u00bb bottom_divider_style=\u00a0\u00bbmountains\u00a0\u00bb bottom_divider_height=\u00a0\u00bb23vw\u00a0\u00bb bottom_divider_repeat=\u00a0\u00bb0.4x\u00a0\u00bb bottom_divider_flip=\u00a0\u00bbhorizontal|vertical\u00a0\u00bb global_colors_info=\u00a0\u00bb{}\u00a0\u00bb][et_pb_row column_structure=\u00a0\u00bb3_4,1_4&Prime; _builder_version=\u00a0\u00bb4.16&Prime; background_enable_image=\u00a0\u00bboff\u00a0\u00bb background_position=\u00a0\u00bbtop_center\u00a0\u00bb width=\u00a0\u00bb96.9%\u00a0\u00bb custom_margin=\u00a0\u00bb|auto||185px||\u00a0\u00bb custom_padding=\u00a0\u00bb27px|0px|0|0px|false|false\u00a0\u00bb global_colors_info=\u00a0\u00bb{}\u00a0\u00bb][et_pb_column type=\u00a0\u00bb3_4&Prime; _builder_version=\u00a0\u00bb4.16&Prime; custom_padding=\u00a0\u00bb|||\u00a0\u00bb global_colors_info=\u00a0\u00bb{}\u00a0\u00bb custom_padding__hover=\u00a0\u00bb|||\u00a0\u00bb][et_pb_text _builder_version=\u00a0\u00bb4.16&Prime; text_font=\u00a0\u00bbCambay||||||||\u00a0\u00bb text_font_size=\u00a0\u00bb10px\u00a0\u00bb header_font=\u00a0\u00bbJosefin Sans|700|||||||\u00a0\u00bb header_text_align=\u00a0\u00bbleft\u00a0\u00bb header_text_color=\u00a0\u00bb#FFFFFF\u00a0\u00bb header_font_size=\u00a0\u00bb76px\u00a0\u00bb header_letter_spacing=\u00a0\u00bb4px\u00a0\u00bb header_line_height=\u00a0\u00bb1.1em\u00a0\u00bb header_2_font=\u00a0\u00bbJosefin Sans||||||||\u00a0\u00bb header_2_text_color=\u00a0\u00bbrgba(255,255,255,0.6)\u00a0\u00bb header_2_font_size=\u00a0\u00bb32px\u00a0\u00bb header_2_line_height=\u00a0\u00bb1.4em\u00a0\u00bb header_3_font=\u00a0\u00bb|700|||||||\u00a0\u00bb header_3_font_size=\u00a0\u00bb26px\u00a0\u00bb transform_scale=\u00a0\u00bb96%|100%\u00a0\u00bb transform_scale_linked=\u00a0\u00bboff\u00a0\u00bb transform_translate=\u00a0\u00bb0px|34px\u00a0\u00bb transform_translate_linked=\u00a0\u00bboff\u00a0\u00bb background_layout=\u00a0\u00bbdark\u00a0\u00bb width=\u00a0\u00bb103%\u00a0\u00bb custom_padding=\u00a0\u00bb|0px|22px|||\u00a0\u00bb animation_style=\u00a0\u00bbslide\u00a0\u00bb animation_direction=\u00a0\u00bbright\u00a0\u00bb animation_intensity_slide=\u00a0\u00bb4%\u00a0\u00bb header_font_size_tablet=\u00a0\u00bb50px\u00a0\u00bb header_font_size_phone=\u00a0\u00bb32px\u00a0\u00bb header_font_size_last_edited=\u00a0\u00bbon|desktop\u00a0\u00bb header_2_font_size_tablet=\u00a0\u00bb\u00a0\u00bb header_2_font_size_phone=\u00a0\u00bb24px\u00a0\u00bb header_2_font_size_last_edited=\u00a0\u00bbon|phone\u00a0\u00bb inline_fonts=\u00a0\u00bbAbhaya Libre,Acme\u00a0\u00bb global_colors_info=\u00a0\u00bb{}\u00a0\u00bb]<\/p>\n<h1>Ecole de Dialogue Territorial<\/h1>\n<h4><\/h4>\n<p>[\/et_pb_text][\/et_pb_column][et_pb_column type=\u00a0\u00bb1_4&Prime; _builder_version=\u00a0\u00bb4.16&Prime; custom_padding=\u00a0\u00bb|||\u00a0\u00bb global_colors_info=\u00a0\u00bb{}\u00a0\u00bb custom_padding__hover=\u00a0\u00bb|||\u00a0\u00bb][et_pb_image src=\u00a0\u00bbhttps:\/\/geyser.asso.fr\/wp-content\/uploads\/2021\/12\/logo_dialogue-territorial_png.png\u00a0\u00bb title_text=\u00a0\u00bblogo_dialogue-territorial_png\u00a0\u00bb _builder_version=\u00a0\u00bb4.16&Prime; _module_preset=\u00a0\u00bbdefault\u00a0\u00bb transform_scale=\u00a0\u00bb129%|129%\u00a0\u00bb transform_translate=\u00a0\u00bb-31px|0px\u00a0\u00bb transform_translate_linked=\u00a0\u00bboff\u00a0\u00bb global_colors_info=\u00a0\u00bb{}\u00a0\u00bb][\/et_pb_image][\/et_pb_column][\/et_pb_row][\/et_pb_section][et_pb_section fb_built=\u00a0\u00bb1&Prime; _builder_version=\u00a0\u00bb4.16&Prime; _module_preset=\u00a0\u00bbdefault\u00a0\u00bb background_color=\u00a0\u00bb#d8d8d8&Prime; min_height=\u00a0\u00bb860.9px\u00a0\u00bb global_colors_info=\u00a0\u00bb{}\u00a0\u00bb][et_pb_row _builder_version=\u00a0\u00bb4.16&Prime; _module_preset=\u00a0\u00bbdefault\u00a0\u00bb global_colors_info=\u00a0\u00bb{}\u00a0\u00bb][et_pb_column type=\u00a0\u00bb4_4&Prime; _builder_version=\u00a0\u00bb4.16&Prime; _module_preset=\u00a0\u00bbdefault\u00a0\u00bb global_colors_info=\u00a0\u00bb{}\u00a0\u00bb][et_pb_text _builder_version=\u00a0\u00bb4.16&Prime; _module_preset=\u00a0\u00bbdefault\u00a0\u00bb text_font=\u00a0\u00bbCambay||||||||\u00a0\u00bb text_font_size=\u00a0\u00bb24px\u00a0\u00bb text_line_height=\u00a0\u00bb1.8em\u00a0\u00bb global_colors_info=\u00a0\u00bb{}\u00a0\u00bb]<\/p>\n<p>L&rsquo;\u00e9cole de Dialogue Territorial c&rsquo;est :<\/p>\n<blockquote>\n<p><strong>Un espace de formation<\/strong> \u00ab\u00a0hors les murs\u00a0\u00bb pour des processus de concertation au\u00a0service de la\u00a0d\u00e9mocratie et de la transition \u00e9cologique et solidaire.<\/p>\n<p><b>Un espace de partage <\/b><b>de cultures et de pratiques<\/b> pour une meilleure gestion des biens communs o\u00f9 les principes de co-responsabilit\u00e9 et de diversit\u00e9 sont essentiels.<\/p>\n<p><b>Un espace <\/b><b>de r\u00e9flexion et d\u2019action <\/b>pour am\u00e9liorer et promouvoir les pratiques de dialogue territorial.<\/p>\n<\/blockquote>\n<p>Pour tous les acteurs qui souhaitent ouvrir le\u00a0dialogue et favoriser la\u00a0coop\u00e9ration dans les processus de d\u00e9cision.<span style=\"font-size: 24px;\">\u00a0<\/span><\/p>\n<p><span style=\"font-size: 24px;\">Elle est port\u00e9e par\u00a0 un\u00a0par\u00a0 un r\u00e9seau de professionnels actifs dans le\u00a0domaine du dialogue territorial depuis 20 ans.<\/span><\/p>\n<p>[\/et_pb_text][et_pb_button button_url=\u00a0\u00bb@ET-DC@eyJkeW5hbWljIjp0cnVlLCJjb250ZW50IjoicG9zdF9saW5rX3VybF9hdHRhY2htZW50Iiwic2V0dGluZ3MiOnsicG9zdF9pZCI6IjEyNTEifX0=@\u00a0\u00bb button_text=\u00a0\u00bbPlaquette EDT\u00a0\u00bb _builder_version=\u00a0\u00bb4.20.4&Prime; _module_preset=\u00a0\u00bbdefault\u00a0\u00bb custom_button=\u00a0\u00bbon\u00a0\u00bb button_text_color=\u00a0\u00bb#E09900&Prime; hover_enabled=\u00a0\u00bb0&Prime; global_colors_info=\u00a0\u00bb{}\u00a0\u00bb url_new_window=\u00a0\u00bbon\u00a0\u00bb _dynamic_attributes=\u00a0\u00bbbutton_url\u00a0\u00bb sticky_enabled=\u00a0\u00bb0&Prime;][\/et_pb_button][\/et_pb_column][\/et_pb_row][\/et_pb_section][et_pb_section fb_built=\u00a0\u00bb1&Prime; prev_background_color=\u00a0\u00bb#d8d8d8&Prime; next_background_color=\u00a0\u00bb#ffffff\u00a0\u00bb _builder_version=\u00a0\u00bb4.16&Prime; _module_preset=\u00a0\u00bbdefault\u00a0\u00bb use_background_color_gradient=\u00a0\u00bbon\u00a0\u00bb background_color_gradient_direction=\u00a0\u00bb70deg\u00a0\u00bb background_color_gradient_stops=\u00a0\u00bbrgba(0,0,0,0) 0%|rgba(0,0,0,0) 100%\u00a0\u00bb background_color_gradient_overlays_image=\u00a0\u00bbon\u00a0\u00bb background_color_gradient_start=\u00a0\u00bbrgba(0,0,0,0)\u00a0\u00bb background_color_gradient_end=\u00a0\u00bbrgba(0,0,0,0)\u00a0\u00bb background_image=\u00a0\u00bbhttps:\/\/geyser.asso.fr\/wp-content\/uploads\/2021\/01\/PagePrincipale_nicumoldovanCqc7M1rAIx8unsplash_20200527171321_20200527151337-scaled.jpg\u00a0\u00bb background_position=\u00a0\u00bbbottom_center\u00a0\u00bb background_blend=\u00a0\u00bbmultiply\u00a0\u00bb transform_scale=\u00a0\u00bb100%|69%\u00a0\u00bb transform_scale_linked=\u00a0\u00bboff\u00a0\u00bb custom_margin=\u00a0\u00bb|||\u00a0\u00bb custom_padding=\u00a0\u00bb13vw||7vw||false|false\u00a0\u00bb top_divider_style=\u00a0\u00bbslant2&Prime; top_divider_height=\u00a0\u00bb18vw\u00a0\u00bb top_divider_repeat=\u00a0\u00bb0.5x\u00a0\u00bb bottom_divider_style=\u00a0\u00bbcurve\u00a0\u00bb bottom_divider_height=\u00a0\u00bb14%\u00a0\u00bb bottom_divider_repeat=\u00a0\u00bb0.5x\u00a0\u00bb bottom_divider_flip=\u00a0\u00bbhorizontal\u00a0\u00bb global_colors_info=\u00a0\u00bb{}\u00a0\u00bb][\/et_pb_section]<\/p>\n","protected":false},"excerpt":{"rendered":"<p>Ecole de Dialogue Territorial L&rsquo;\u00e9cole de Dialogue Territorial c&rsquo;est : Un espace de formation \u00ab\u00a0hors les murs\u00a0\u00bb pour des processus de concertation au\u00a0service de la\u00a0d\u00e9mocratie et de la transition \u00e9cologique et solidaire. Un espace de partage de cultures et de pratiques pour une meilleure gestion des biens communs o\u00f9 les principes de co-responsabilit\u00e9 et de [&hellip;]<\/p>\n","protected":false},"author":1,"featured_media":0,"parent":71,"menu_order":2,"comment_status":"closed","ping_status":"closed","template":"","meta":{"_et_pb_use_builder":"on","_et_pb_old_content":"","_et_gb_content_width":"","footnotes":""},"class_list":["post-94","page","type-page","status-publish","hentry"],"_links":{"self":[{"href":"https:\/\/geyser.asso.fr\/index.php?rest_route=\/wp\/v2\/pages\/94","targetHints":{"allow":["GET"]}}],"collection":[{"href":"https:\/\/geyser.asso.fr\/index.php?rest_route=\/wp\/v2\/pages"}],"about":[{"href":"https:\/\/geyser.asso.fr\/index.php?rest_route=\/wp\/v2\/types\/page"}],"author":[{"embeddable":true,"href":"https:\/\/geyser.asso.fr\/index.php?rest_route=\/wp\/v2\/users\/1"}],"replies":[{"embeddable":true,"href":"https:\/\/geyser.asso.fr\/index.php?rest_route=%2Fwp%2Fv2%2Fcomments&post=94"}],"version-history":[{"count":13,"href":"https:\/\/geyser.asso.fr\/index.php?rest_route=\/wp\/v2\/pages\/94\/revisions"}],"predecessor-version":[{"id":1423,"href":"https:\/\/geyser.asso.fr\/index.php?rest_route=\/wp\/v2\/pages\/94\/revisions\/1423"}],"up":[{"embeddable":true,"href":"https:\/\/geyser.asso.fr\/index.php?rest_route=\/wp\/v2\/pages\/71"}],"wp:attachment":[{"href":"https:\/\/geyser.asso.fr\/index.php?rest_route=%2Fwp%2Fv2%2Fmedia&parent=94"}],"curies":[{"name":"wp","href":"https:\/\/api.w.org\/{rel}","templated":true}]}}

<p>[et_pb_section fb_built= »1&Prime; next_background_color= »#d8d8d8&Prime; admin_label= »Hero » _builder_version= »4.16&Prime; background_color= »#d6d6d6&Prime; use_background_color_gradient= »on » background_color_gradient_direction= »70deg » background_color_gradient_stops= »rgba(216,216,216,0) 0%|rgba(0,0,0,0) 100% » background_color_gradient_overlays_image= »on » background_color_gradient_start= »rgba(216,216,216,0) » background_color_gradient_end= »rgba(0,0,0,0) » background_image= »https://geyser.asso.fr/wp-content/uploads/2021/01/mona-eendra-vC8wj_Kphak-unsplash-scaled.jpg » transform_scale= »100%|92% » transform_scale_linked= »off » width= »99.7% » min_height= »408px » custom_margin= »-10px||-3%||false|false » custom_padding= »2vw||0px||false|false » bottom_divider_style= »mountains » bottom_divider_height= »23vw » bottom_divider_repeat= »0.4x » bottom_divider_flip= »horizontal|vertical » global_colors_info= »{} »][et_pb_row column_structure= »3_4,1_4&Prime; _builder_version= »4.16&Prime; background_enable_image= »off » background_position= »top_center » width= »96.9% » custom_margin= »|auto||185px|| » custom_padding= »27px|0px|0|0px|false|false » global_colors_info= »{} »][et_pb_column type= »3_4&Prime; _builder_version= »4.16&Prime; custom_padding= »||| » global_colors_info= »{} » custom_padding__hover= »||| »][et_pb_text _builder_version= »4.16&Prime; text_font= »Cambay|||||||| » text_font_size= »10px » header_font= »Josefin Sans|700||||||| » header_text_align= »left » header_text_color= »#FFFFFF » header_font_size= »76px » header_letter_spacing= »4px » header_line_height= »1.1em » header_2_font= »Josefin Sans|||||||| » header_2_text_color= »rgba(255,255,255,0.6) » header_2_font_size= »32px » header_2_line_height= »1.4em » header_3_font= »|700||||||| » header_3_font_size= »26px » transform_scale= »96%|100% » transform_scale_linked= »off » transform_translate= »0px|34px » transform_translate_linked= »off » background_layout= »dark » width= »103% » custom_padding= »|0px|22px||| » animation_style= »slide » animation_direction= »right » animation_intensity_slide= »4% » header_font_size_tablet= »50px » header_font_size_phone= »32px » header_font_size_last_edited= »on|desktop » header_2_font_size_tablet= » » header_2_font_size_phone= »24px » header_2_font_size_last_edited= »on|phone » inline_fonts= »Abhaya Libre,Acme » global_colors_info= »{} »]</p>
<h1>Ecole de Dialogue Territorial</h1>
<h4></h4>
<p>[/et_pb_text][/et_pb_column][et_pb_column type= »1_4&Prime; _builder_version= »4.16&Prime; custom_padding= »||| » global_colors_info= »{} » custom_padding__hover= »||| »][et_pb_image src= »https://geyser.asso.fr/wp-content/uploads/2021/12/logo_dialogue-territorial_png.png » title_text= »logo_dialogue-territorial_png » _builder_version= »4.16&Prime; _module_preset= »default » transform_scale= »129%|129% » transform_translate= »-31px|0px » transform_translate_linked= »off » global_colors_info= »{} »][/et_pb_image][/et_pb_column][/et_pb_row][/et_pb_section][et_pb_section fb_built= »1&Prime; _builder_version= »4.16&Prime; _module_preset= »default » background_color= »#d8d8d8&Prime; min_height= »860.9px » global_colors_info= »{} »][et_pb_row _builder_version= »4.16&Prime; _module_preset= »default » global_colors_info= »{} »][et_pb_column type= »4_4&Prime; _builder_version= »4.16&Prime; _module_preset= »default » global_colors_info= »{} »][et_pb_text _builder_version= »4.16&Prime; _module_preset= »default » text_font= »Cambay|||||||| » text_font_size= »24px » text_line_height= »1.8em » global_colors_info= »{} »]</p>
<p>L&rsquo;école de Dialogue Territorial c&rsquo;est :</p>
<blockquote>
<p><strong>Un espace de formation</strong> « hors les murs » pour des processus de concertation au service de la démocratie et de la transition écologique et solidaire.</p>
<p><b>Un espace de partage </b><b>de cultures et de pratiques</b> pour une meilleure gestion des biens communs où les principes de co-responsabilité et de diversité sont essentiels.</p>
<p><b>Un espace </b><b>de réflexion et d’action </b>pour améliorer et promouvoir les pratiques de dialogue territorial.</p>
</blockquote>
<p>Pour tous les acteurs qui souhaitent ouvrir le dialogue et favoriser la coopération dans les processus de décision.<span style="font-size: 24px;"> </span></p>
<p><span style="font-size: 24px;">Elle est portée par  un par  un réseau de professionnels actifs dans le domaine du dialogue territorial depuis 20 ans.</span></p>
<p>[/et_pb_text][et_pb_button button_url= »@ET-DC@eyJkeW5hbWljIjp0cnVlLCJjb250ZW50IjoicG9zdF9saW5rX3VybF9hdHRhY2htZW50Iiwic2V0dGluZ3MiOnsicG9zdF9pZCI6IjEyNTEifX0=@ » button_text= »Plaquette EDT » _builder_version= »4.20.4&Prime; _module_preset= »default » custom_button= »on » button_text_color= »#E09900&Prime; hover_enabled= »0&Prime; global_colors_info= »{} » url_new_window= »on » _dynamic_attributes= »button_url » sticky_enabled= »0&Prime;][/et_pb_button][/et_pb_column][/et_pb_row][/et_pb_section][et_pb_section fb_built= »1&Prime; prev_background_color= »#d8d8d8&Prime; next_background_color= »#ffffff » _builder_version= »4.16&Prime; _module_preset= »default » use_background_color_gradient= »on » background_color_gradient_direction= »70deg » background_color_gradient_stops= »rgba(0,0,0,0) 0%|rgba(0,0,0,0) 100% » background_color_gradient_overlays_image= »on » background_color_gradient_start= »rgba(0,0,0,0) » background_color_gradient_end= »rgba(0,0,0,0) » background_image= »https://geyser.asso.fr/wp-content/uploads/2021/01/PagePrincipale_nicumoldovanCqc7M1rAIx8unsplash_20200527171321_20200527151337-scaled.jpg » background_position= »bottom_center » background_blend= »multiply » transform_scale= »100%|69% » transform_scale_linked= »off » custom_margin= »||| » custom_padding= »13vw||7vw||false|false » top_divider_style= »slant2&Prime; top_divider_height= »18vw » top_divider_repeat= »0.5x » bottom_divider_style= »curve » bottom_divider_height= »14% » bottom_divider_repeat= »0.5x » bottom_divider_flip= »horizontal » global_colors_info= »{} »][/et_pb_section]</p>

<p>Ecole de Dialogue Territorial L&rsquo;école de Dialogue Territorial c&rsquo;est : Un espace de formation « hors les murs » pour des processus de concertation au service de la démocratie et de la transition écologique et solidaire. Un espace de partage de cultures et de pratiques pour une meilleure gestion des biens communs où les principes de co-responsabilité et de [&hellip;]</p>
